igit of 3317?
7
What is the ten thousands digit of 23159?
2
What is the units digit of 45621?
1
What is the hundreds digit of 1590?
5
What is the thousands digit of 14409?
4
What is the hundreds digit of 2403?
4
What is the units digit of 9264?
4
What is the thousands digit of 19562?
9
What is the thousands digit of 14444?
4
What is the hundreds digit of 18248?
2
What is the tens digit of 2964?
6
What is the hundreds digit of 109842?
8
What is the units digit of 9624?
4
What is the hundreds digit of 17815?
8
What is the thousands digit of 2493?
2
What is the units digit of 78058?
8
What is the hundreds digit of 1423?
4
What is the tens digit of 171?
7
What is the units digit of 6029?
9
What is the hundreds digit of 70114?
1
What is the tens digit of 3481?
8
What is the tens digit of 41586?
8
What is the tens digit of 28524?
2
What is the units digit of 79992?
2
What is the tens digit of 25954?
5
What is the hundreds digit of 1086?
0
What is the hundreds digit of 699?
6
What is the hundreds digit of 16062?
0
What is the units digit of 182292?
2
What is the units digit of 555?
5
What is the hundreds digit of 82802?
8
What is the hundreds digit of 2345?
3
What is the units digit of 2716?
6
What is the units digit of 15998?
8
What is the ten thousands digit of 57169?
5
What is the hundreds digit of 60778?
7
What is the thousands digit of 7477?
7
What is the units digit of 93787?
7
What is the tens digit of 2581?
8
What is the units digit of 3876?
6
What is the thousands digit of 2767?
2
What is the thousands digit of 1926?
1
What is the thousands digit of 1031?
1
What is the tens digit of 4846?
4
What is the thousands digit of 47595?
7
What is the ten thousands digit of 13305?
1
What is the thousands digit of 14813?
4
What is the thousands digit of 8976?
8
What is the ten thousands digit of 15094?
1
What is the units digit of 1304?
4
What is the thousands digit of 5238?
5
What is the units digit of 120845?
5
What is the ten thousands digit of 10850?
1
What is the units digit of 19645?
5
What is the tens digit of 686?
8
What is the units digit of 985?
5
What is the thousands digit of 23083?
3
What is the tens digit of 276?
7
What is the hundreds digit of 72762?
7
What is the hundreds digit of 1523?
5
What is the ten thousands digit of 13689?
1
What is the thousands digit of 1119?
1
What is the hundred thousands digit of 103401?
1
What is the hundreds digit of 43063?
0
What is the units digit of 748?
8
What is the tens digit of 172?
7
What is the thousands digit of 7367?
7
What is the units digit of 560?
0
What is the hundreds digit of 4690?
6
What is the ten thousands digit of 50207?
5
What is the hundreds digit of 3206?
2
What is the hundreds digit of 829?
8
What is the units digit of 2252?
2
What is the ten thousands digit of 14507?
1
What is the units digit of 8525?
5
What is the tens digit of 3093?
9
What is the hundred thousands digit of 177503?
1
What is the tens digit of 8750?
5
What is the ten thousands digit of 12034?
1
What is the thousands digit of 13546?
3
What is the tens digit of 5633?
3
What is the thousands digit of 1393?
1
What is the hundreds digit of 16871?
8
What is the hundreds digit of 9836?
8
What is the units digit of 361?
1
What is the tens digit of 20169?
6
What is the units digit of 4214?
4
What is the hundreds digit of 2335?
3
What is the units digit of 160?
0
What is the hundreds digit of 2569?
5
What is the units digit of 1893?
3
What is the tens digit of 810?
1
What is the units digit of 444?
4
What is the thousands digit of 1519?
1
What is the units digit of 2793?
3
What is the tens digit of 141?
4
What is the tens digit of 647?
4
What is the units digit of 1821?
1
What is the hundreds digit of 336?
3
What is the hundreds digit of 418?
4
What is the thousands digit of 1175?
1
What is the hundreds digit of 3159?
1
What is the tens digit of 3855?
5
What is the ten thousands digit of 39057?
3
What is the tens digit of 41197?
9
What is the tens digit of 25670?
7
What is the thousands digit of 9164?
9
What is the units digit of 20366?
6
What is the thousands digit of 1035?
1
What is the tens digit of 1005?
0
What is the tens digit of 2959?
5
What is the tens digit of 19207?
0
What is the tens digit of 1366?
6
What is the hundreds digit of 1212?
2
What is the units digit of 15887?
7
What is the units digit of 105240?
0
What is the units digit of 2177?
7
What is the hundreds digit of 2083?
0
What is the thousands digit of 1291?
1
What is the hundreds digit of 2942?
9
What is the units digit of 62475?
5
What is the thousands digit of 3931?
3
What is the tens digit of 3457?
5
What is the hundreds digit of 304?
3
What is the tens digit of 6898?
9
What is the tens digit of 3918?
1
What is the units digit of 3636?
6
What is the units digit of 1333?
3
What is the tens digit of 3564?
6
What is the tens digit of 3706?
0
What is the units digit of 4814?
4
What is the thousands digit of 3386?
3
What is the units digit of 29422?
2
What is the units digit of 306?
6
What is the tens digit of 609?
0
What is the hundreds digit of 685?
6
What is the ten thousands digit of 134667?
3
What is the tens digit of 33930?
3
What is the units digit of 3392?
2
What is the units digit of 2073?
3
What is the tens digit of 1747?
4
What is the ten thousands digit of 27404?
2
What is the tens digit of 3782?
8
What is the units digit of 9273?
3
What is the thousands digit of 48490?
8
What is the hundreds digit of 32692?
6
What is the hundreds digit of 247?
2
What is the thousands digit of 1923?
1
What is the tens digit of 171?
7
What is the thousands digit of 19527?
9
What is the tens digit of 74910?
1
What is the thousands digit of 6398?
6
What is the units digit of 3323?
3
What is the hundreds digit of 1703?
7
What is the units digit of 5947?
7
What is the units digit of 688?
8
What is the thousands digit of 11920?
1
What is the units digit of 8935?
5
What is the tens digit of 6765?
6
What is the tens digit of 60?
6
What is the thousands digit of 4644?
4
What is the hundreds digit of 81468?
4
What is the hundreds digit of 31432?
4
What is the thousands digit of 100141?
0
What is the hundreds digit of 872?
8
What is the tens digit of 43469?
6
What is the tens digit of 16?
1
What is the thousands digit of 34129?
4
What is the units digit of 5601?
1
What is the tens digit of 70019?
1
What is the tens digit of 503?
0
What is the units digit of 42815?
5
What is the thousands digit of 3845?
3
What is the units digit of 1673?
3
What is the units digit of 56881?
1
What is the ten thousands digit of 40577?
4
What is the tens digit of 20915?
1
What is the thousands digit of 1146?
1
What is the units digit of 935?
5
What is the tens digit of 57932?
3
What is the ten thousands digit of 116076?
1
What is the hundreds digit of 1027?
0
What is the units digit of 793?
3
What is the thousands digit of 7061?
7
What is the tens digit of 3025?
2
What is the tens digit of 17565?
6
What is the tens digit of 230?
3
What is the hundreds digit of 8557?
5
What is the hundreds digit of 767?
7
What is the hundreds digit of 18360?
3
What is the units digit of 1523?
3
What is the units digit of 10575?
5
What is the units digit of 7179?
9
What is the tens digit of 3842?
4
What is the hundreds digit of 774?
7
What is the thousands digit of 1172?
1
What is the hundreds digit of 25176?
1
What is the units digit of 1943?
3
What is the tens digit of 849?
4
What is the units digit of 4321?
1
What is the units digit of 481?
1
What is the ten thousands digit of 71718?
7
What is the hundreds digit of 18003?
0
What is the hundreds digit of 833?
8
What is the thousands digit of 1217?
1
What is the units digit of 4009?
9
What is the thousands digit of 1296?
1
What is the hundreds digit of 21960?
9
What is the tens digit of 44764?
6
What is the tens digit of 13613?
1
What is the tens digit of 19871?
7
What is the ten thousands digit of 13475?
1
What is the hundreds digit of 2076?
0
What is the tens digit of 26149?
4
What is the units digit of 25895?
5
What is the units digit of 907?
7
What is the ten thousands digit of 18259?
1
What is the thousands digit of 26556?
6
What is the units digit of 5382?
2
What is the ten thousands digit of 93596?
9
What is the units digit of 58857?
7
What is the